
What is -9a (base 12) in base 5?
-433
31 (base 9) to base 3
1001
Convert -3 (base 14) to base 6.
-3
3 (base 4) to base 10
3
Convert -15 (base 11) to base 2.
-10000
What is 11011010 (base 2) in base 15?
e8
What is -177 (base 8) in base 15?
-87
What is -4 (base 6) in base 14?
-4
What is 3 (base 11) in base 9?
3
-131 (base 4) to base 12
-25
-28 (base 10) to base 4
-130
What is -3 (base 4) in base 5?
-3
-334 (base 5) to base 11
-86
6 (base 9) to base 13
6
8 (base 13) to base 12
8
Convert 100000 (base 3) to base 12.
183
Convert 6 (base 7) to base 3.
20
What is 2022 (base 3) in base 4?
332
What is 442 (base 5) in base 7?
233
Convert -10 (base 5) to base 8.
-5
8 (base 12) to base 13
8
What is -5c (base 15) in base 11?
-7a
Convert 207 (base 9) to base 12.
121
-4 (base 8) to base 9
-4
7e (base 16) to base 9
150
0 (base 4) to base 8
0
Convert -24 (base 14) to base 8.
-40
What is 3 (base 16) in base 11?
3
19 (base 10) to base 13
16
6 (base 11) to base 8
6
Convert -132 (base 7) to base 6.
-200
Convert -3 (base 7) to base 11.
-3
What is 103 (base 4) in base 12?
17
Convert -16 (base 13) to base 12.
-17
What is a0 (base 16) in base 6?
424
-5 (base 6) to base 13
-5
1a (base 12) to base 3
211
Convert 2 (base 11) to base 7.
2
Convert 11 (base 10) to base 4.
23
0 (base 7) to base 6
0
What is -16 (base 16) in base 5?
-42
Convert 2 (base 16) to base 12.
2
What is -64 (base 13) in base 15?
-57
-5 (base 13) to base 10
-5
Convert 1033 (base 4) to base 11.
72
-1 (base 3) to base 10
-1
What is -3 (base 9) in base 8?
-3
10101 (base 2) to base 9
23
11 (base 8) to base 10
9
Convert -33 (base 6) to base 3.
-210
Convert 40 (base 7) to base 9.
31
What is 4 (base 13) in base 3?
11
13 (base 10) to base 3
111
What is -a (base 12) in base 2?
-1010
-65 (base 11) to base 14
-51
What is -1011 (base 3) in base 13?
-25
Convert 10 (base 3) to base 9.
3
What is 52 (base 6) in base 9?
35
Convert -10120 (base 4) to base 3.
-101101
3 (base 11) to base 13
3
What is -9 (base 15) in base 6?
-13
21 (base 15) to base 3
1011
1 (base 3) to base 9
1
What is 92 (base 13) in base 10?
119
3 (base 16) to base 5
3
What is -111 (base 3) in base 2?
-1101
What is -4 (base 6) in base 2?
-100
Convert d9 (base 15) to base 14.
108
What is -3 (base 4) in base 13?
-3
-8 (base 12) to base 2
-1000
-2 (base 12) to base 14
-2
Convert -320 (base 5) to base 8.
-125
What is -2 (base 7) in base 15?
-2
-4 (base 15) to base 4
-10
-132 (base 8) to base 9
-110
-11020 (base 3) to base 9
-136
-1011 (base 2) to base 11
-10
What is -19 (base 12) in base 6?
-33
26 (base 13) to base 3
1012
-32 (base 5) to base 14
-13
What is 12 (base 5) in base 11?
7
What is -11 (base 2) in base 8?
-3
83 (base 15) to base 11
102
Convert 354 (base 7) to base 9.
226
What is 100 (base 2) in base 6?
4
-1d (base 16) to base 8
-35
-1 (base 15) to base 7
-1
What is 11 (base 10) in base 5?
21
What is a (base 13) in base 14?
a
Convert 10 (base 4) to base 9.
4
Convert -4 (base 7) to base 15.
-4
Convert -110 (base 3) to base 15.
-c
0 (base 11) to base 13
0
What is -101010 (base 2) in base 10?
-42
-29 (base 11) to base 13
-25
Convert -5 (base 10) to base 6.
-5
What is 0 (base 13) in base 8?
0
10 (base 2) to base 3
2
Convert 40 (base 11) to base 8.
54
-31 (base 5) to base 8
-20
Convert 2 (base 3) to base 13.
2
a (base 12) to base 2
1010
-11 (base 4) to base 6
-5
What is 0 (base 4) in base 6?
0
What is -52 (base 9) in base 6?
-115
-31 (base 15) to base 4
-232
Convert -9 (base 12) to base 15.
-9
What is -9 (base 10) in base 14?
-9
110 (base 11) to base 6
340
0 (base 2) to base 14
0
Convert -30 (base 5) to base 13.
-12
10112 (base 3) to base 6
235
Convert -101 (base 2) to base 9.
-5
What is 4 (base 11) in base 14?
4
What is 35 (base 8) in base 7?
41
6 (base 16) to base 4
12
Convert 7 (base 11) to base 2.
111
-4 (base 7) to base 11
-4
What is 6 (base 11) in base 9?
6
What is -77 (base 8) in base 11?
-58
What is -306 (base 9) in base 6?
-1053
What is -110111 (base 2) in base 6?
-131
What is 10 (base 11) in base 15?
b
Convert 9d (base 16) to base 7.
313
Convert 1200 (base 4) to base 3.
10120
Convert -211 (base 3) to base 9.
-24
Convert -2 (base 12) to base 15.
-2
What is 51 (base 8) in base 16?
29
What is -7 (base 15) in base 9?
-7
What is 1 (base 7) in base 2?
1
Convert 15 (base 8) to base 5.
23
Convert 22 (base 5) to base 16.
c
Convert 2 (base 13) to base 15.
2
Convert 6b (base 13) to base 7.
155
b (base 16) to base 12
b
-1 (base 5) to base 3
-1
What is -15 (base 6) in base 5?
-21
What is -2010 (base 3) in base 10?
-57
-12 (base 15) to base 14
-13
Convert -123 (base 10) to base 13.
-96
Convert 1 (base 4) to base 5.
1
Convert -9 (base 10) to base 11.
-9
Convert -120 (base 13) to base 2.
-11000011
Convert -7 (base 10) to base 7.
-10
-1101111 (base 2) to base 16
-6f
2 (base 5) to base 9
2
Convert 1 (base 13) to base 15.
1
What is 446 (base 7) in base 3?
22112
Convert 202 (base 4) to base 10.
34
144 (base 12) to base 9
237
4 (base 12) to base 8
4
-111 (base 4) to base 3
-210
-20 (base 9) to base 4
-102
161 (base 7) to base 12
78
-19 (base 14) to base 9
-25
Convert 170 (base 10) to base 15.
b5
Convert 13 (base 11) to base 14.
10
What is -43 (base 9) in base 5?
-124
-46 (base 12) to base 13
-42
-3 (base 10) to base 7
-3
-2 (base 10) to base 15
-2
40 (base 8) to base 6
52
102 (base 3) to base 11
10
Convert -4 (base 16) to base 6.
-4
Convert 313 (base 5) to base 11.
76
-41 (base 7) to base 9
-32
What is 101100000 (base 2) in base 16?
160
a (base 11) to base 2
1010
-10000100 (base 2) to base 6
-340
Convert -141 (base 10) to base 2.
-10001101
What is -39 (base 16) in base 3?
-2010
-2c (base 15) to base 8
-52
Convert 10 (base 9) to base 15.
9
What is -4 (base 11) in base 12?
-4
What is -3b (base 16) in base 2?
-111011
What is -1222 (base 3) in base 4?
-311
-159 (base 11) to base 16
-b9
4 (base 14) to base 8
4
41 (base 8) to base 2
100001
-1101 (base 2) to base 3
-111
5 (base 8) to base 3
12
-2 (base 6) to base 15
-2
What is -76 (base 10) in base 14?
-56
33 (base 14) to base 10
45
Convert 1010 (base 2) to base 4.
22
Convert 4 (base 9) to base 16.
4
6 (base 12) to base 15
6
10 (base 2) to base 10
2
Convert -101 (base 4) to base 2.
-10001
1102 (base 6) to base 10
254
-46 (base 11) to base 4
-302
Convert 40 (base 12) to base 5.
143
120 (base 4) to base 9
26
Convert 3 (base 16) to base 10.
3
a (base 14) to base 12
a
What is -2 (base 10) in base 13?
-2
What is 0 (base 14) in base 6?
0
-2 (base 12) to base 5
-2
-6 (base 8) to base 3
-20
What is 1001 (base 2) in base 16?
9
What is 1 (base 2) in base 16?
1
Convert -156 (base 7) to base 8.
-132
2201 (base 3) to base 4
1021
What is 0 (base 14) in base 16?
0
Convert 33 (base 6) to base 11.
1a
What is -100100010 (base 2) in base 10?
-290
Convert 4 (base 14) to base 7.
4
-9 (base 13) to base 10
-9
1022 (base 3) to base 16
23
Convert -5 (base 14) to base 6.
-5
Convert 22 (base 14) to base 9.
33
Convert -12 (base 3) to base 2.
-101
Convert -2001 (base 3) to base 16.
-37
What is 3 (base 8) in base 13?
3
Convert 131 (base 4) to base 2.
11101
What is -3 (base 11) in base 2?
-11
-6 (base 14) to base 7
-6
What is -10 (base 2) in base 8?
-2
Convert -5 (base 6) to base 13.
-5
Convert 3 (base 9) to base 7.
3
-29 (base 15) to base 11
-36
13 (base 16) to base 7
25
-1 (base 14) to base 6
-1
What is 11201 (base 3) in base 9?
151
What is -2 (base 4) in base 6?
-2
What is -2 (base 8) in base 15?
-2
Convert -a2 (base 14) to base 10.
-142
What is -11101 (base 2) in base 10?
-29
Convert 63 (base 14) to base 15.
5c
What is 2 (base 3) in base 11?
2
2 (base 15) to base 6
2
123 (base 4) to base 14
1d
What is -10 (base 3) in base 2?
-11
1001110 (base 2) to base 12
66
What is -3 (base 8) in base 10?
-3
What is 4 (base 7) in base 3?
11
Convert 0 (base 10) to base 11.
0
Convert -4 (base 5) to base 6.
-4
Convert 6 (base 14) to base 15.
6
Convert 20 (base 5) to base 11.
a
What is 37 (base 13) in base 8?
56
What is -6 (base 16) in base 7?
-6
What is 2 (base 4) in base 16?
2
1000010 (base 2) to base 4
1002
Convert -ba (base 14) to base 12.
-118
What is -38 (base 9) in base 12?
-2b
2 (base 10) to base 2
10
What is 7 (base 10) in base 3?
21
Convert 7 (base 16) to base 12.
7
What is 20 (base 15) in base 10?
30
Convert 12 (base 12) to base 16.
e
What is -27 (base 